igit of 17914088?
8
What is the units digit of 298961206?
6
What is the hundreds digit of 628506887?
8
What is the tens digit of 35823437?
3
What is the millions digit of 2911218049?
1
What is the units digit of 1536454153?
3
What is the hundreds digit of 42580654?
6
What is the ten thousands digit of 40967634?
6
What is the thousands digit of 59456608?
6
What is the billions digit of 6011476948?
6
What is the thousands digit of 1928969548?
9
What is the tens digit of 122810359?
5
What is the units digit of 244760471?
1
What is the hundreds digit of 20354325?
3
What is the hundreds digit of 78646118?
1
What is the ten millions digit of 136026561?
3
What is the hundreds digit of 816665?
6
What is the tens digit of 978782939?
3
What is the ten thousands digit of 32326824?
2
What is the millions digit of 4695016790?
5
What is the units digit of 1016197212?
2
What is the thousands digit of 177448251?
8
What is the units digit of 3136830?
0
What is the ten thousands digit of 418154481?
5
What is the ten millions digit of 1035817495?
3
What is the hundred millions digit of 118750586?
1
What is the thousands digit of 459934898?
4
What is the billions digit of 3459410877?
3
What is the units digit of 1337004726?
6
What is the hundreds digit of 100171321?
3
What is the millions digit of 819478590?
9
What is the thousands digit of 71901088?
1
What is the ten thousands digit of 10489081?
8
What is the ten thousands digit of 34887144?
8
What is the hundreds digit of 2025869001?
0
What is the thousands digit of 783174594?
4
What is the ten millions digit of 1640153024?
4
What is the units digit of 71272099?
9
What is the millions digit of 25332989?
5
What is the tens digit of 113705182?
8
What is the tens digit of 68947951?
5
What is the millions digit of 88061856?
8
What is the hundred millions digit of 1485981725?
4
What is the millions digit of 89289648?
9
What is the millions digit of 16748231?
6
What is the ten millions digit of 5276608601?
7
What is the tens digit of 24527733?
3
What is the thousands digit of 55633594?
3
What is the hundreds digit of 753994066?
0
What is the hundred thousands digit of 5410212?
4
What is the ten thousands digit of 268507017?
0
What is the ten thousands digit of 530605856?
0
What is the hundreds digit of 569088880?
8
What is the hundred thousands digit of 308075914?
0
What is the thousands digit of 2230198911?
8
What is the ten millions digit of 110592169?
1
What is the tens digit of 116994075?
7
What is the units digit of 45984157?
7
What is the tens digit of 239802614?
1
What is the hundred thousands digit of 4399231407?
2
What is the units digit of 194771162?
2
What is the units digit of 254964916?
6
What is the ten thousands digit of 237837755?
3
What is the units digit of 38458417?
7
What is the millions digit of 2380280892?
0
What is the ten thousands digit of 369093156?
9
What is the ten thousands digit of 43589076?
8
What is the units digit of 25743094?
4
What is the thousands digit of 1422817768?
7
What is the hundred thousands digit of 229874783?
8
What is the hundreds digit of 1896618719?
7
What is the tens digit of 525997859?
5
What is the millions digit of 3355405797?
5
What is the tens digit of 77181274?
7
What is the tens digit of 114965092?
9
What is the tens digit of 2777383531?
3
What is the millions digit of 499028364?
9
What is the thousands digit of 59687383?
7
What is the thousands digit of 33522607?
2
What is the tens digit of 18254989?
8
What is the billions digit of 6187785223?
6
What is the hundred thousands digit of 2557356231?
3
What is the thousands digit of 999761698?
1
What is the hundred millions digit of 3825337684?
8
What is the thousands digit of 58534966?
4
What is the thousands digit of 15450507?
0
What is the thousands digit of 338774703?
4
What is the hundreds digit of 59263004?
0
What is the ten millions digit of 265224098?
6
What is the millions digit of 160377934?
0
What is the hundred millions digit of 676408678?
6
What is the units digit of 65356444?
4
What is the hundred thousands digit of 203805607?
8
What is the millions digit of 318228051?
8
What is the hundreds digit of 899251747?
7
What is the millions digit of 56606583?
6
What is the hundred millions digit of 2567934846?
5
What is the ten thousands digit of 42044352?
4
What is the hundreds digit of 1529571508?
5
What is the units digit of 1081014824?
4
What is the hundred thousands digit of 7976957063?
9
What is the hundred thousands digit of 784327422?
3
What is the ten millions digit of 51282036?
5
What is the hundred thousands digit of 2719542851?
5
What is the tens digit of 321060594?
9
What is the ten millions digit of 1151559529?
5
What is the thousands digit of 486796111?
6
What is the millions digit of 6624688684?
4
What is the thousands digit of 1753859145?
9
What is the millions digit of 4768872?
4
What is the ten thousands digit of 618371815?
7
What is the hundreds digit of 139494844?
8
What is the ten millions digit of 2320156498?
2
What is the tens digit of 258094123?
2
What is the ten millions digit of 1190917286?
9
What is the hundreds digit of 334522516?
5
What is the tens digit of 22475739?
3
What is the hundred thousands digit of 910988271?
9
What is the tens digit of 67657732?
3
What is the thousands digit of 87594368?
4
What is the thousands digit of 24364780?
4
What is the hundred thousands digit of 1502407708?
4
What is the hundreds digit of 62929649?
6
What is the units digit of 82661821?
1
What is the hundreds digit of 919538430?
4
What is the billions digit of 1156997517?
1
What is the units digit of 691256444?
4
What is the hundred millions digit of 557635350?
5
What is the tens digit of 1784605838?
3
What is the ten millions digit of 122912042?
2
What is the hundreds digit of 20079320?
3
What is the millions digit of 79698576?
9
What is the thousands digit of 415110399?
0
What is the billions digit of 2492523356?
2
What is the tens digit of 2811893037?
3
What is the units digit of 449944014?
4
What is the tens digit of 1403304093?
9
What is the tens digit of 31163558?
5
What is the hundred millions digit of 193937085?
1
What is the millions digit of 538263295?
8
What is the hundred thousands digit of 300260880?
2
What is the hundred millions digit of 915866417?
9
What is the tens digit of 65676052?
5
What is the hundreds digit of 62492374?
3
What is the units digit of 3415784797?
7
What is the ten millions digit of 1638191380?
3
What is the hundreds digit of 26939063?
0
What is the millions digit of 138996107?
8
What is the millions digit of 27225430?
7
What is the hundred thousands digit of 600727253?
7
What is the ten millions digit of 213496918?
1
What is the millions digit of 583461009?
3
What is the units digit of 72716609?
9
What is the hundred thousands digit of 720256301?
2
What is the tens digit of 3220073?
7
What is the tens digit of 33831586?
8
What is the ten millions digit of 2918882171?
1
What is the hundred thousands digit of 186106425?
1
What is the thousands digit of 2824260?
4
What is the millions digit of 1478556887?
8
What is the hundreds digit of 121088652?
6
What is the hundred thousands digit of 57517367?
5
What is the hundreds digit of 6844371461?
4
What is the units digit of 2995654538?
8
What is the millions digit of 1468474399?
8
What is the hundred thousands digit of 231585867?
5
What is the millions digit of 23999527?
3
What is the millions digit of 297511493?
7
What is the hundreds digit of 32678675?
6
What is the hundreds digit of 137573720?
7
What is the ten thousands digit of 57329659?
2
What is the thousands digit of 50615487?
5
What is the tens digit of 152967053?
5
What is the ten thousands digit of 92242471?
4
What is the tens digit of 364314418?
1
What is the ten millions digit of 218417508?
1
What is the ten millions digit of 31300160?
3
What is the hundreds digit of 1198231790?
7
What is the thousands digit of 1361803243?
3
What is the ten millions digit of 14867697?
1
What is the hundred thousands digit of 250110019?
1
What is the thousands digit of 1332453668?
3
What is the units digit of 321474785?
5
What is the units digit of 756259492?
2
What is the billions digit of 3044487163?
3
What is the millions digit of 120964594?
0
What is the hundred 